{"id":275,"date":"2021-12-13T09:41:24","date_gmt":"2021-12-13T08:41:24","guid":{"rendered":"https:\/\/salesas-cc.com\/www\/?page_id=275"},"modified":"2024-12-11T12:24:47","modified_gmt":"2024-12-11T11:24:47","slug":"compromisos","status":"publish","type":"page","link":"https:\/\/salesas-cc.com\/www\/compromisos\/","title":{"rendered":"Compromisos"},"content":{"rendered":"\t\t<div data-elementor-type=\"wp-page\" data-elementor-id=\"275\" class=\"elementor elementor-275\">\n\t\t\t\t\t\t<section class=\"elementor-section elementor-top-section elementor-element elementor-element-a32f7ae elementor-hidden-desktop elementor-hidden-tablet elementor-hidden-mobile elementor-section-boxed elementor-section-height-default elementor-section-height-default elementor-invisible\" data-id=\"a32f7ae\" data-element_type=\"section\" data-e-type=\"section\" data-settings=\"{&quot;animation&quot;:&quot;headShake&quot;,&quot;background_background&quot;:&quot;classic&quot;}\">\n\t\t\t\t\t\t<div class=\"elementor-container elementor-column-gap-default\">\n\t\t\t\t\t<div class=\"elementor-column elementor-col-50 elementor-top-column elementor-element elementor-element-21b0dc87\" data-id=\"21b0dc87\" data-element_type=\"column\" data-e-type=\"column\">\n\t\t\t<div class=\"elementor-widget-wrap elementor-element-populated\">\n\t\t\t\t\t\t<div class=\"elementor-element elementor-element-613ef8bc elementor-widget elementor-widget-image\" data-id=\"613ef8bc\" data-element_type=\"widget\" data-e-type=\"widget\" data-widget_type=\"image.default\">\n\t\t\t\t<div class=\"elementor-widget-container\">\n\t\t\t\t\t\t\t\t\t\t\t\t\t\t\t<img fetchpriority=\"high\" decoding=\"async\" width=\"320\" height=\"203\" src=\"https:\/\/salesas-cc.com\/www\/wp-content\/uploads\/2021\/11\/3.jpg\" class=\"attachment-large size-large wp-image-25\" alt=\"\" srcset=\"https:\/\/salesas-cc.com\/www\/wp-content\/uploads\/2021\/11\/3.jpg 320w, https:\/\/salesas-cc.com\/www\/wp-content\/uploads\/2021\/11\/3-300x190.jpg 300w, https:\/\/salesas-cc.com\/www\/wp-content\/uploads\/2021\/11\/3-95x60.jpg 95w\" sizes=\"(max-width: 320px) 100vw, 320px\" \/>\t\t\t\t\t\t\t\t\t\t\t\t\t\t\t<\/div>\n\t\t\t\t<\/div>\n\t\t\t\t\t<\/div>\n\t\t<\/div>\n\t\t\t\t<div class=\"elementor-column elementor-col-50 elementor-top-column elementor-element elementor-element-53330607\" data-id=\"53330607\" data-element_type=\"column\" data-e-type=\"column\">\n\t\t\t<div class=\"elementor-widget-wrap elementor-element-populated\">\n\t\t\t\t\t\t<div class=\"elementor-element elementor-element-3d70f8d4 elementor-widget elementor-widget-menu-anchor\" data-id=\"3d70f8d4\" data-element_type=\"widget\" data-e-type=\"widget\" data-widget_type=\"menu-anchor.default\">\n\t\t\t\t<div class=\"elementor-widget-container\">\n\t\t\t\t\t\t\t<div class=\"elementor-menu-anchor\" id=\"medioambiente\"><\/div>\n\t\t\t\t\t\t<\/div>\n\t\t\t\t<\/div>\n\t\t\t\t<div class=\"elementor-element elementor-element-15874636 elementor-widget elementor-widget-heading\" data-id=\"15874636\" data-element_type=\"widget\" data-e-type=\"widget\" data-widget_type=\"heading.default\">\n\t\t\t\t<div class=\"elementor-widget-container\">\n\t\t\t\t\t<h3 class=\"elementor-heading-title elementor-size-default\">Medio Ambiente<\/h3>\t\t\t\t<\/div>\n\t\t\t\t<\/div>\n\t\t\t\t<div class=\"elementor-element elementor-element-6acb279d elementor-widget elementor-widget-text-editor\" data-id=\"6acb279d\" data-element_type=\"widget\" data-e-type=\"widget\" data-widget_type=\"text-editor.default\">\n\t\t\t\t<div class=\"elementor-widget-container\">\n\t\t\t\t\t\t\t\t\t<p>Disponemos de varios paneles informativos (Nivel 0 y Nivel 3) con contenido medioambiental donde es posible depositar pilas, bombillas, cd\u2019s y toner.<\/p><p>\u00a0<\/p>\t\t\t\t\t\t\t\t<\/div>\n\t\t\t\t<\/div>\n\t\t\t\t\t<\/div>\n\t\t<\/div>\n\t\t\t\t\t<\/div>\n\t\t<\/section>\n\t\t\t\t<section class=\"elementor-section elementor-top-section elementor-element elementor-element-464e8ce7 elementor-section-boxed elementor-section-height-default elementor-section-height-default elementor-invisible\" data-id=\"464e8ce7\" data-element_type=\"section\" data-e-type=\"section\" data-settings=\"{&quot;animation&quot;:&quot;headShake&quot;}\">\n\t\t\t\t\t\t\t<div class=\"elementor-background-overlay\"><\/div>\n\t\t\t\t\t\t\t<div class=\"elementor-container elementor-column-gap-default\">\n\t\t\t\t\t<div class=\"elementor-column elementor-col-50 elementor-top-column elementor-element elementor-element-5f95c5bc\" data-id=\"5f95c5bc\" data-element_type=\"column\" data-e-type=\"column\">\n\t\t\t<div class=\"elementor-widget-wrap elementor-element-populated\">\n\t\t\t\t\t\t<div class=\"elementor-element elementor-element-5693cb00 elementor-widget elementor-widget-menu-anchor\" data-id=\"5693cb00\" data-element_type=\"widget\" data-e-type=\"widget\" data-widget_type=\"menu-anchor.default\">\n\t\t\t\t<div class=\"elementor-widget-container\">\n\t\t\t\t\t\t\t<div class=\"elementor-menu-anchor\" id=\"espaciosolidario\"><\/div>\n\t\t\t\t\t\t<\/div>\n\t\t\t\t<\/div>\n\t\t\t\t<div class=\"elementor-element elementor-element-404f7e49 elementor-widget elementor-widget-heading\" data-id=\"404f7e49\" data-element_type=\"widget\" data-e-type=\"widget\" data-widget_type=\"heading.default\">\n\t\t\t\t<div class=\"elementor-widget-container\">\n\t\t\t\t\t<h3 class=\"elementor-heading-title elementor-size-default\">Espacio Solidario<\/h3>\t\t\t\t<\/div>\n\t\t\t\t<\/div>\n\t\t\t\t<div class=\"elementor-element elementor-element-382b04cd elementor-widget elementor-widget-text-editor\" data-id=\"382b04cd\" data-element_type=\"widget\" data-e-type=\"widget\" data-widget_type=\"text-editor.default\">\n\t\t\t\t<div class=\"elementor-widget-container\">\n\t\t\t\t\t\t\t\t\t<p>Mantenemos una estrecha colaboraci\u00f3n con multitud de Organizaciones no Gubernamentales (ONG\u2019s) ( CRUZ ROJA, AECC, CARITAS, ALDEAS INFANTILES, ACNUR, PROTECTORAS DE ANIMALES, ETC) respondiendo activamente en las diferentes campa\u00f1as solidarias que \u00e9stas realizan.<\/p><p>\u00a0<\/p>\t\t\t\t\t\t\t\t<\/div>\n\t\t\t\t<\/div>\n\t\t\t\t\t<\/div>\n\t\t<\/div>\n\t\t\t\t<div class=\"elementor-column elementor-col-50 elementor-top-column elementor-element elementor-element-5f5b47fe\" data-id=\"5f5b47fe\" data-element_type=\"column\" data-e-type=\"column\">\n\t\t\t<div class=\"elementor-widget-wrap elementor-element-populated\">\n\t\t\t\t\t\t<div class=\"elementor-element elementor-element-1f36b84b elementor-widget elementor-widget-image\" data-id=\"1f36b84b\" data-element_type=\"widget\" data-e-type=\"widget\" data-widget_type=\"image.default\">\n\t\t\t\t<div class=\"elementor-widget-container\">\n\t\t\t\t\t\t\t\t\t\t\t\t\t\t\t<img decoding=\"async\" width=\"320\" height=\"203\" src=\"https:\/\/salesas-cc.com\/www\/wp-content\/uploads\/2021\/11\/1.jpg\" class=\"attachment-large size-large wp-image-26\" alt=\"\" srcset=\"https:\/\/salesas-cc.com\/www\/wp-content\/uploads\/2021\/11\/1.jpg 320w, https:\/\/salesas-cc.com\/www\/wp-content\/uploads\/2021\/11\/1-300x190.jpg 300w, https:\/\/salesas-cc.com\/www\/wp-content\/uploads\/2021\/11\/1-95x60.jpg 95w\" sizes=\"(max-width: 320px) 100vw, 320px\" \/>\t\t\t\t\t\t\t\t\t\t\t\t\t\t\t<\/div>\n\t\t\t\t<\/div>\n\t\t\t\t\t<\/div>\n\t\t<\/div>\n\t\t\t\t\t<\/div>\n\t\t<\/section>\n\t\t\t\t<section class=\"elementor-section elementor-top-section elementor-element elementor-element-586a1b5e elementor-section-boxed elementor-section-height-default elementor-section-height-default elementor-invisible\" data-id=\"586a1b5e\" data-element_type=\"section\" data-e-type=\"section\" data-settings=\"{&quot;animation&quot;:&quot;headShake&quot;}\">\n\t\t\t\t\t\t\t<div class=\"elementor-background-overlay\"><\/div>\n\t\t\t\t\t\t\t<div class=\"elementor-container elementor-column-gap-default\">\n\t\t\t\t\t<div class=\"elementor-column elementor-col-50 elementor-top-column elementor-element elementor-element-2fef38e2\" data-id=\"2fef38e2\" data-element_type=\"column\" data-e-type=\"column\">\n\t\t\t<div class=\"elementor-widget-wrap elementor-element-populated\">\n\t\t\t\t\t\t<div class=\"elementor-element elementor-element-376892c5 elementor-widget elementor-widget-image\" data-id=\"376892c5\" data-element_type=\"widget\" data-e-type=\"widget\" data-widget_type=\"image.default\">\n\t\t\t\t<div class=\"elementor-widget-container\">\n\t\t\t\t\t\t\t\t\t\t\t\t\t\t\t<img decoding=\"async\" width=\"320\" height=\"203\" src=\"https:\/\/salesas-cc.com\/www\/wp-content\/uploads\/2021\/11\/2.jpg\" class=\"attachment-large size-large wp-image-27\" alt=\"\" srcset=\"https:\/\/salesas-cc.com\/www\/wp-content\/uploads\/2021\/11\/2.jpg 320w, https:\/\/salesas-cc.com\/www\/wp-content\/uploads\/2021\/11\/2-300x190.jpg 300w, https:\/\/salesas-cc.com\/www\/wp-content\/uploads\/2021\/11\/2-95x60.jpg 95w\" sizes=\"(max-width: 320px) 100vw, 320px\" \/>\t\t\t\t\t\t\t\t\t\t\t\t\t\t\t<\/div>\n\t\t\t\t<\/div>\n\t\t\t\t\t<\/div>\n\t\t<\/div>\n\t\t\t\t<div class=\"elementor-column elementor-col-50 elementor-top-column elementor-element elementor-element-1ff8ef1c\" data-id=\"1ff8ef1c\" data-element_type=\"column\" data-e-type=\"column\">\n\t\t\t<div class=\"elementor-widget-wrap elementor-element-populated\">\n\t\t\t\t\t\t<div class=\"elementor-element elementor-element-654b7c33 elementor-widget elementor-widget-menu-anchor\" data-id=\"654b7c33\" data-element_type=\"widget\" data-e-type=\"widget\" data-widget_type=\"menu-anchor.default\">\n\t\t\t\t<div class=\"elementor-widget-container\">\n\t\t\t\t\t\t\t<div class=\"elementor-menu-anchor\" id=\"compromisocultural\"><\/div>\n\t\t\t\t\t\t<\/div>\n\t\t\t\t<\/div>\n\t\t\t\t<div class=\"elementor-element elementor-element-176ffddf elementor-widget elementor-widget-heading\" data-id=\"176ffddf\" data-element_type=\"widget\" data-e-type=\"widget\" data-widget_type=\"heading.default\">\n\t\t\t\t<div class=\"elementor-widget-container\">\n\t\t\t\t\t<h3 class=\"elementor-heading-title elementor-size-default\">Compromiso Cultural<\/h3>\t\t\t\t<\/div>\n\t\t\t\t<\/div>\n\t\t\t\t<div class=\"elementor-element elementor-element-275464d2 elementor-widget elementor-widget-text-editor\" data-id=\"275464d2\" data-element_type=\"widget\" data-e-type=\"widget\" data-widget_type=\"text-editor.default\">\n\t\t\t\t<div class=\"elementor-widget-container\">\n\t\t\t\t\t\t\t\t\t<p>Desarrollamos actividades culturales durante todo el a\u00f1o organizando exposiciones, firmas de libros y discos, talleres para ni\u00f1os y otros muchos eventos para todos los p\u00fablicos.<\/p><p>\u00a0<\/p>\t\t\t\t\t\t\t\t<\/div>\n\t\t\t\t<\/div>\n\t\t\t\t<div class=\"elementor-element elementor-element-188de0af elementor-widget elementor-widget-spacer\" data-id=\"188de0af\" data-element_type=\"widget\" data-e-type=\"widget\" data-widget_type=\"spacer.default\">\n\t\t\t\t<div class=\"elementor-widget-container\">\n\t\t\t\t\t\t\t<div class=\"elementor-spacer\">\n\t\t\t<div class=\"elementor-spacer-inner\"><\/div>\n\t\t<\/div>\n\t\t\t\t\t\t<\/div>\n\t\t\t\t<\/div>\n\t\t\t\t\t<\/div>\n\t\t<\/div>\n\t\t\t\t\t<\/div>\n\t\t<\/section>\n\t\t\t\t<section class=\"elementor-section elementor-top-section elementor-element elementor-element-7486fecf elementor-section-stretched elementor-section-boxed elementor-section-height-default elementor-section-height-default\" data-id=\"7486fecf\" data-element_type=\"section\" data-e-type=\"section\" data-settings=\"{&quot;stretch_section&quot;:&quot;section-stretched&quot;,&quot;background_background&quot;:&quot;gradient&quot;}\">\n\t\t\t\t\t\t<div class=\"elementor-container elementor-column-gap-default\">\n\t\t\t\t\t<div class=\"elementor-column elementor-col-100 elementor-top-column elementor-element elementor-element-3115b68c\" data-id=\"3115b68c\" data-element_type=\"column\" data-e-type=\"column\">\n\t\t\t<div class=\"elementor-widget-wrap elementor-element-populated\">\n\t\t\t\t\t\t<div class=\"elementor-element elementor-element-888f13c gallery-spacing-custom elementor-widget elementor-widget-image-gallery\" data-id=\"888f13c\" data-element_type=\"widget\" data-e-type=\"widget\" data-widget_type=\"image-gallery.default\">\n\t\t\t\t<div class=\"elementor-widget-container\">\n\t\t\t\t\t\t\t<div class=\"elementor-image-gallery\">\n\t\t\t<div id='gallery-1' class='gallery galleryid-275 gallery-columns-3 gallery-size-medium'><figure class='gallery-item'>\n\t\t\t<div class='gallery-icon landscape'>\n\t\t\t\t<a data-elementor-open-lightbox=\"yes\" data-elementor-lightbox-slideshow=\"888f13c\" data-elementor-lightbox-title=\"Salesas-N-(20)\" data-e-action-hash=\"#elementor-action%3Aaction%3Dlightbox%26settings%3DeyJpZCI6MzQ0LCJ1cmwiOiJodHRwczpcL1wvc2FsZXNhcy1jYy5jb21cL3d3d1wvd3AtY29udGVudFwvdXBsb2Fkc1wvMjAyMVwvMTJcL1NhbGVzYXMtTi0yMC5qcGciLCJzbGlkZXNob3ciOiI4ODhmMTNjIn0%3D\" href='https:\/\/salesas-cc.com\/www\/wp-content\/uploads\/2021\/12\/Salesas-N-20.jpg'><img loading=\"lazy\" decoding=\"async\" width=\"300\" height=\"200\" src=\"https:\/\/salesas-cc.com\/www\/wp-content\/uploads\/2021\/12\/Salesas-N-20-300x200.jpg\" class=\"attachment-medium size-medium\" alt=\"\" srcset=\"https:\/\/salesas-cc.com\/www\/wp-content\/uploads\/2021\/12\/Salesas-N-20-300x200.jpg 300w, https:\/\/salesas-cc.com\/www\/wp-content\/uploads\/2021\/12\/Salesas-N-20-1024x683.jpg 1024w, https:\/\/salesas-cc.com\/www\/wp-content\/uploads\/2021\/12\/Salesas-N-20-768x512.jpg 768w, https:\/\/salesas-cc.com\/www\/wp-content\/uploads\/2021\/12\/Salesas-N-20-1536x1024.jpg 1536w, https:\/\/salesas-cc.com\/www\/wp-content\/uploads\/2021\/12\/Salesas-N-20-90x60.jpg 90w, https:\/\/salesas-cc.com\/www\/wp-content\/uploads\/2021\/12\/Salesas-N-20-370x247.jpg 370w, https:\/\/salesas-cc.com\/www\/wp-content\/uploads\/2021\/12\/Salesas-N-20-776x517.jpg 776w, https:\/\/salesas-cc.com\/www\/wp-content\/uploads\/2021\/12\/Salesas-N-20.jpg 1600w\" sizes=\"(max-width: 300px) 100vw, 300px\" \/><\/a>\n\t\t\t<\/div><\/figure><figure class='gallery-item'>\n\t\t\t<div class='gallery-icon landscape'>\n\t\t\t\t<a data-elementor-open-lightbox=\"yes\" data-elementor-lightbox-slideshow=\"888f13c\" data-elementor-lightbox-title=\"WhatsApp Image 2021-11-18 at 9.28.06 AM (12)\" data-e-action-hash=\"#elementor-action%3Aaction%3Dlightbox%26settings%3DeyJpZCI6MjMyLCJ1cmwiOiJodHRwczpcL1wvc2FsZXNhcy1jYy5jb21cL3d3d1wvd3AtY29udGVudFwvdXBsb2Fkc1wvMjAyMVwvMTFcL1doYXRzQXBwLUltYWdlLTIwMjEtMTEtMTgtYXQtOS4yOC4wNi1BTS0xMi5qcGVnIiwic2xpZGVzaG93IjoiODg4ZjEzYyJ9\" href='https:\/\/salesas-cc.com\/www\/wp-content\/uploads\/2021\/11\/WhatsApp-Image-2021-11-18-at-9.28.06-AM-12.jpeg'><img loading=\"lazy\" decoding=\"async\" width=\"300\" height=\"200\" src=\"https:\/\/salesas-cc.com\/www\/wp-content\/uploads\/2021\/11\/WhatsApp-Image-2021-11-18-at-9.28.06-AM-12-300x200.jpeg\" class=\"attachment-medium size-medium\" alt=\"\" srcset=\"https:\/\/salesas-cc.com\/www\/wp-content\/uploads\/2021\/11\/WhatsApp-Image-2021-11-18-at-9.28.06-AM-12-300x200.jpeg 300w, https:\/\/salesas-cc.com\/www\/wp-content\/uploads\/2021\/11\/WhatsApp-Image-2021-11-18-at-9.28.06-AM-12-1024x683.jpeg 1024w, https:\/\/salesas-cc.com\/www\/wp-content\/uploads\/2021\/11\/WhatsApp-Image-2021-11-18-at-9.28.06-AM-12-768x512.jpeg 768w, https:\/\/salesas-cc.com\/www\/wp-content\/uploads\/2021\/11\/WhatsApp-Image-2021-11-18-at-9.28.06-AM-12-1536x1024.jpeg 1536w, https:\/\/salesas-cc.com\/www\/wp-content\/uploads\/2021\/11\/WhatsApp-Image-2021-11-18-at-9.28.06-AM-12-90x60.jpeg 90w, https:\/\/salesas-cc.com\/www\/wp-content\/uploads\/2021\/11\/WhatsApp-Image-2021-11-18-at-9.28.06-AM-12-370x247.jpeg 370w, https:\/\/salesas-cc.com\/www\/wp-content\/uploads\/2021\/11\/WhatsApp-Image-2021-11-18-at-9.28.06-AM-12-776x517.jpeg 776w, https:\/\/salesas-cc.com\/www\/wp-content\/uploads\/2021\/11\/WhatsApp-Image-2021-11-18-at-9.28.06-AM-12.jpeg 1600w\" sizes=\"(max-width: 300px) 100vw, 300px\" \/><\/a>\n\t\t\t<\/div><\/figure><figure class='gallery-item'>\n\t\t\t<div class='gallery-icon landscape'>\n\t\t\t\t<a data-elementor-open-lightbox=\"yes\" data-elementor-lightbox-slideshow=\"888f13c\" data-elementor-lightbox-title=\"WhatsApp Image 2021-11-18 at 9.28.05 AM\" data-e-action-hash=\"#elementor-action%3Aaction%3Dlightbox%26settings%3DeyJpZCI6MjI5LCJ1cmwiOiJodHRwczpcL1wvc2FsZXNhcy1jYy5jb21cL3d3d1wvd3AtY29udGVudFwvdXBsb2Fkc1wvMjAyMVwvMTFcL1doYXRzQXBwLUltYWdlLTIwMjEtMTEtMTgtYXQtOS4yOC4wNS1BTS5qcGVnIiwic2xpZGVzaG93IjoiODg4ZjEzYyJ9\" href='https:\/\/salesas-cc.com\/www\/wp-content\/uploads\/2021\/11\/WhatsApp-Image-2021-11-18-at-9.28.05-AM.jpeg'><img loading=\"lazy\" decoding=\"async\" width=\"300\" height=\"200\" src=\"https:\/\/salesas-cc.com\/www\/wp-content\/uploads\/2021\/11\/WhatsApp-Image-2021-11-18-at-9.28.05-AM-300x200.jpeg\" class=\"attachment-medium size-medium\" alt=\"\" srcset=\"https:\/\/salesas-cc.com\/www\/wp-content\/uploads\/2021\/11\/WhatsApp-Image-2021-11-18-at-9.28.05-AM-300x200.jpeg 300w, https:\/\/salesas-cc.com\/www\/wp-content\/uploads\/2021\/11\/WhatsApp-Image-2021-11-18-at-9.28.05-AM-1024x683.jpeg 1024w, https:\/\/salesas-cc.com\/www\/wp-content\/uploads\/2021\/11\/WhatsApp-Image-2021-11-18-at-9.28.05-AM-768x512.jpeg 768w, https:\/\/salesas-cc.com\/www\/wp-content\/uploads\/2021\/11\/WhatsApp-Image-2021-11-18-at-9.28.05-AM-1536x1024.jpeg 1536w, https:\/\/salesas-cc.com\/www\/wp-content\/uploads\/2021\/11\/WhatsApp-Image-2021-11-18-at-9.28.05-AM-90x60.jpeg 90w, https:\/\/salesas-cc.com\/www\/wp-content\/uploads\/2021\/11\/WhatsApp-Image-2021-11-18-at-9.28.05-AM-370x247.jpeg 370w, https:\/\/salesas-cc.com\/www\/wp-content\/uploads\/2021\/11\/WhatsApp-Image-2021-11-18-at-9.28.05-AM-776x517.jpeg 776w, https:\/\/salesas-cc.com\/www\/wp-content\/uploads\/2021\/11\/WhatsApp-Image-2021-11-18-at-9.28.05-AM.jpeg 1600w\" sizes=\"(max-width: 300px) 100vw, 300px\" \/><\/a>\n\t\t\t<\/div><\/figure><figure class='gallery-item'>\n\t\t\t<div class='gallery-icon landscape'>\n\t\t\t\t<a data-elementor-open-lightbox=\"yes\" data-elementor-lightbox-slideshow=\"888f13c\" data-elementor-lightbox-title=\"WhatsApp Image 2021-11-18 at 9.28.06 AM (20)\" data-e-action-hash=\"#elementor-action%3Aaction%3Dlightbox%26settings%3DeyJpZCI6MjMzLCJ1cmwiOiJodHRwczpcL1wvc2FsZXNhcy1jYy5jb21cL3d3d1wvd3AtY29udGVudFwvdXBsb2Fkc1wvMjAyMVwvMTFcL1doYXRzQXBwLUltYWdlLTIwMjEtMTEtMTgtYXQtOS4yOC4wNi1BTS0yMC5qcGVnIiwic2xpZGVzaG93IjoiODg4ZjEzYyJ9\" href='https:\/\/salesas-cc.com\/www\/wp-content\/uploads\/2021\/11\/WhatsApp-Image-2021-11-18-at-9.28.06-AM-20.jpeg'><img loading=\"lazy\" decoding=\"async\" width=\"300\" height=\"200\" src=\"https:\/\/salesas-cc.com\/www\/wp-content\/uploads\/2021\/11\/WhatsApp-Image-2021-11-18-at-9.28.06-AM-20-300x200.jpeg\" class=\"attachment-medium size-medium\" alt=\"\" srcset=\"https:\/\/salesas-cc.com\/www\/wp-content\/uploads\/2021\/11\/WhatsApp-Image-2021-11-18-at-9.28.06-AM-20-300x200.jpeg 300w, https:\/\/salesas-cc.com\/www\/wp-content\/uploads\/2021\/11\/WhatsApp-Image-2021-11-18-at-9.28.06-AM-20-1024x683.jpeg 1024w, https:\/\/salesas-cc.com\/www\/wp-content\/uploads\/2021\/11\/WhatsApp-Image-2021-11-18-at-9.28.06-AM-20-768x512.jpeg 768w, https:\/\/salesas-cc.com\/www\/wp-content\/uploads\/2021\/11\/WhatsApp-Image-2021-11-18-at-9.28.06-AM-20-1536x1024.jpeg 1536w, https:\/\/salesas-cc.com\/www\/wp-content\/uploads\/2021\/11\/WhatsApp-Image-2021-11-18-at-9.28.06-AM-20-90x60.jpeg 90w, https:\/\/salesas-cc.com\/www\/wp-content\/uploads\/2021\/11\/WhatsApp-Image-2021-11-18-at-9.28.06-AM-20-370x247.jpeg 370w, https:\/\/salesas-cc.com\/www\/wp-content\/uploads\/2021\/11\/WhatsApp-Image-2021-11-18-at-9.28.06-AM-20-776x517.jpeg 776w, https:\/\/salesas-cc.com\/www\/wp-content\/uploads\/2021\/11\/WhatsApp-Image-2021-11-18-at-9.28.06-AM-20.jpeg 1600w\" sizes=\"(max-width: 300px) 100vw, 300px\" \/><\/a>\n\t\t\t<\/div><\/figure><figure class='gallery-item'>\n\t\t\t<div class='gallery-icon landscape'>\n\t\t\t\t<a data-elementor-open-lightbox=\"yes\" data-elementor-lightbox-slideshow=\"888f13c\" data-elementor-lightbox-title=\"WhatsApp Image 2021-11-18 at 9.26.50 AM\" data-e-action-hash=\"#elementor-action%3Aaction%3Dlightbox%26settings%3DeyJpZCI6MjM0LCJ1cmwiOiJodHRwczpcL1wvc2FsZXNhcy1jYy5jb21cL3d3d1wvd3AtY29udGVudFwvdXBsb2Fkc1wvMjAyMVwvMTFcL1doYXRzQXBwLUltYWdlLTIwMjEtMTEtMTgtYXQtOS4yNi41MC1BTS5qcGVnIiwic2xpZGVzaG93IjoiODg4ZjEzYyJ9\" href='https:\/\/salesas-cc.com\/www\/wp-content\/uploads\/2021\/11\/WhatsApp-Image-2021-11-18-at-9.26.50-AM.jpeg'><img loading=\"lazy\" decoding=\"async\" width=\"300\" height=\"200\" src=\"https:\/\/salesas-cc.com\/www\/wp-content\/uploads\/2021\/11\/WhatsApp-Image-2021-11-18-at-9.26.50-AM-300x200.jpeg\" class=\"attachment-medium size-medium\" alt=\"\" srcset=\"https:\/\/salesas-cc.com\/www\/wp-content\/uploads\/2021\/11\/WhatsApp-Image-2021-11-18-at-9.26.50-AM-300x200.jpeg 300w, https:\/\/salesas-cc.com\/www\/wp-content\/uploads\/2021\/11\/WhatsApp-Image-2021-11-18-at-9.26.50-AM-1024x683.jpeg 1024w, https:\/\/salesas-cc.com\/www\/wp-content\/uploads\/2021\/11\/WhatsApp-Image-2021-11-18-at-9.26.50-AM-768x512.jpeg 768w, https:\/\/salesas-cc.com\/www\/wp-content\/uploads\/2021\/11\/WhatsApp-Image-2021-11-18-at-9.26.50-AM-1536x1024.jpeg 1536w, https:\/\/salesas-cc.com\/www\/wp-content\/uploads\/2021\/11\/WhatsApp-Image-2021-11-18-at-9.26.50-AM-90x60.jpeg 90w, https:\/\/salesas-cc.com\/www\/wp-content\/uploads\/2021\/11\/WhatsApp-Image-2021-11-18-at-9.26.50-AM-370x247.jpeg 370w, https:\/\/salesas-cc.com\/www\/wp-content\/uploads\/2021\/11\/WhatsApp-Image-2021-11-18-at-9.26.50-AM-776x517.jpeg 776w, https:\/\/salesas-cc.com\/www\/wp-content\/uploads\/2021\/11\/WhatsApp-Image-2021-11-18-at-9.26.50-AM.jpeg 1600w\" sizes=\"(max-width: 300px) 100vw, 300px\" \/><\/a>\n\t\t\t<\/div><\/figure><figure class='gallery-item'>\n\t\t\t<div class='gallery-icon landscape'>\n\t\t\t\t<a data-elementor-open-lightbox=\"yes\" data-elementor-lightbox-slideshow=\"888f13c\" data-elementor-lightbox-title=\"WhatsApp Image 2021-11-18 at 9.28.06 AM (4)\" data-e-action-hash=\"#elementor-action%3Aaction%3Dlightbox%26settings%3DeyJpZCI6MjMxLCJ1cmwiOiJodHRwczpcL1wvc2FsZXNhcy1jYy5jb21cL3d3d1wvd3AtY29udGVudFwvdXBsb2Fkc1wvMjAyMVwvMTFcL1doYXRzQXBwLUltYWdlLTIwMjEtMTEtMTgtYXQtOS4yOC4wNi1BTS00LmpwZWciLCJzbGlkZXNob3ciOiI4ODhmMTNjIn0%3D\" href='https:\/\/salesas-cc.com\/www\/wp-content\/uploads\/2021\/11\/WhatsApp-Image-2021-11-18-at-9.28.06-AM-4.jpeg'><img loading=\"lazy\" decoding=\"async\" width=\"300\" height=\"200\" src=\"https:\/\/salesas-cc.com\/www\/wp-content\/uploads\/2021\/11\/WhatsApp-Image-2021-11-18-at-9.28.06-AM-4-300x200.jpeg\" class=\"attachment-medium size-medium\" alt=\"\" srcset=\"https:\/\/salesas-cc.com\/www\/wp-content\/uploads\/2021\/11\/WhatsApp-Image-2021-11-18-at-9.28.06-AM-4-300x200.jpeg 300w, https:\/\/salesas-cc.com\/www\/wp-content\/uploads\/2021\/11\/WhatsApp-Image-2021-11-18-at-9.28.06-AM-4-1024x683.jpeg 1024w, https:\/\/salesas-cc.com\/www\/wp-content\/uploads\/2021\/11\/WhatsApp-Image-2021-11-18-at-9.28.06-AM-4-768x512.jpeg 768w, https:\/\/salesas-cc.com\/www\/wp-content\/uploads\/2021\/11\/WhatsApp-Image-2021-11-18-at-9.28.06-AM-4-1536x1024.jpeg 1536w, https:\/\/salesas-cc.com\/www\/wp-content\/uploads\/2021\/11\/WhatsApp-Image-2021-11-18-at-9.28.06-AM-4-90x60.jpeg 90w, https:\/\/salesas-cc.com\/www\/wp-content\/uploads\/2021\/11\/WhatsApp-Image-2021-11-18-at-9.28.06-AM-4-370x247.jpeg 370w, https:\/\/salesas-cc.com\/www\/wp-content\/uploads\/2021\/11\/WhatsApp-Image-2021-11-18-at-9.28.06-AM-4-776x517.jpeg 776w, https:\/\/salesas-cc.com\/www\/wp-content\/uploads\/2021\/11\/WhatsApp-Image-2021-11-18-at-9.28.06-AM-4.jpeg 1600w\" sizes=\"(max-width: 300px) 100vw, 300px\" \/><\/a>\n\t\t\t<\/div><\/figure>\n\t\t<\/div>\n\t\t<\/div>\n\t\t\t\t\t\t<\/div>\n\t\t\t\t<\/div>\n\t\t\t\t\t<\/div>\n\t\t<\/div>\n\t\t\t\t\t<\/div>\n\t\t<\/section>\n\t\t\t\t<\/div>\n\t\t","protected":false},"excerpt":{"rendered":"<p>Medio Ambiente Disponemos de varios paneles informativos (Nivel 0 y Nivel 3) con contenido medioambiental donde es posible depositar pilas, bombillas, cd\u2019s y toner. \u00a0 Espacio Solidario Mantenemos una estrecha &hellip; <\/p>\n","protected":false},"author":1,"featured_media":229,"parent":0,"menu_order":0,"comment_status":"closed","ping_status":"closed","template":"elementor_header_footer","meta":{"footnotes":""},"class_list":["post-275","page","type-page","status-publish","has-post-thumbnail","hentry"],"_links":{"self":[{"href":"https:\/\/salesas-cc.com\/www\/wp-json\/wp\/v2\/pages\/275","targetHints":{"allow":["GET"]}}],"collection":[{"href":"https:\/\/salesas-cc.com\/www\/wp-json\/wp\/v2\/pages"}],"about":[{"href":"https:\/\/salesas-cc.com\/www\/wp-json\/wp\/v2\/types\/page"}],"author":[{"embeddable":true,"href":"https:\/\/salesas-cc.com\/www\/wp-json\/wp\/v2\/users\/1"}],"replies":[{"embeddable":true,"href":"https:\/\/salesas-cc.com\/www\/wp-json\/wp\/v2\/comments?post=275"}],"version-history":[{"count":10,"href":"https:\/\/salesas-cc.com\/www\/wp-json\/wp\/v2\/pages\/275\/revisions"}],"predecessor-version":[{"id":428,"href":"https:\/\/salesas-cc.com\/www\/wp-json\/wp\/v2\/pages\/275\/revisions\/428"}],"wp:featuredmedia":[{"embeddable":true,"href":"https:\/\/salesas-cc.com\/www\/wp-json\/wp\/v2\/media\/229"}],"wp:attachment":[{"href":"https:\/\/salesas-cc.com\/www\/wp-json\/wp\/v2\/media?parent=275"}],"curies":[{"name":"wp","href":"https:\/\/api.w.org\/{rel}","templated":true}]}}